{"id":2271,"date":"2024-08-12T11:46:48","date_gmt":"2024-08-12T09:46:48","guid":{"rendered":"https:\/\/kic.fi\/lahti\/?page_id=2271"},"modified":"2024-11-20T09:31:03","modified_gmt":"2024-11-20T07:31:03","slug":"varauskalenteri","status":"publish","type":"page","link":"https:\/\/kic.fi\/lahti\/varauskalenteri\/","title":{"rendered":"Varauskalenteri"},"content":{"rendered":"<p>[vc_row full_width=&#8221;stretch_row_content_no_spaces&#8221; bg_type=&#8221;bg_color&#8221; bg_override=&#8221;full&#8221; css=&#8221;.vc_custom_1707315699765{margin-top: -25px !important;background-image: url(https:\/\/kic.fi\/lahti\/wp-content\/uploads\/2024\/02\/SLA_0445-scaled.jpg?id=2174) !important;background-position: center !important;background-repeat: no-repeat !important;background-size: cover !important;}&#8221; bg_color_value=&#8221;rgba(255,0,0,0.3)&#8221;][vc_column][vc_row_inner][\/vc_row_inner]<div class=\"ult-spacer spacer-69f529e27e3a7\" data-id=\"69f529e27e3a7\" data-height=\"250\" data-height-mobile=\"250\" data-height-tab=\"250\" data-height-tab-portrait=\"\" data-height-mobile-landscape=\"\" style=\"clear:both;display:block;\"><\/div>[vc_custom_heading text=&#8221;VARAUSKALENTERI&#8221; font_container=&#8221;tag:h1|text_align:center|color:%23ffffff&#8221; use_theme_fonts=&#8221;yes&#8221;]<div class=\"ult-spacer spacer-69f529e27e3c0\" data-id=\"69f529e27e3c0\" data-height=\"200\" data-height-mobile=\"200\" data-height-tab=\"200\" data-height-tab-portrait=\"\" data-height-mobile-landscape=\"\" style=\"clear:both;display:block;\"><\/div>[\/vc_column][\/vc_row][vc_row css=&#8221;.vc_custom_1723456003646{margin-top: 20px !important;margin-right: -40px !important;margin-left: -40px !important;padding-top: 0px !important;padding-bottom: 90px !important;}&#8221;][vc_column][vc_custom_heading text=&#8221;Varauskalenteri&#8221; font_container=&#8221;tag:h3|text_align:center|color:%23ff0000&#8243; use_theme_fonts=&#8221;yes&#8221; css=&#8221;.vc_custom_1712901382279{padding-right: 80px !important;}&#8221;][vc_custom_heading text=&#8221;Varauskalenteri on automaattisesti j\u00e4rjestelm\u00e4n luoma, se on suuntaa antava. Tee varaus radalle ajonvarauksen kautta tai soitathan radalle viimeisimm\u00e4n tiedon saamiseksi, 0447 765 000.&#8221; font_container=&#8221;tag:h5|text_align:center|color:%23ff0000&#8243; use_theme_fonts=&#8221;yes&#8221; css=&#8221;.vc_custom_1713171097296{padding-right: 80px !important;}&#8221;][vc_raw_html]JTNDaWZyYW1lJTIwc3R5bGUlM0QlMjJ3aWR0aCUzQSUyMDEwMCUyNSUzQiUyMGhlaWdodCUzQSUyMDgwMHB4JTNCJTIwbWFyZ2luJTNBJTIwMHB4JTIwMHB4JTIwMHB4JTIwMHB4JTNCJTIyJTIwZnJhbWVib3JkZXIlM0QlMjIwJTIyJTIwc3JjJTNEJTIyaHR0cHMlM0ElMkYlMkZ3ZWIucmFjZWZhY2VyLmNvbSUyRmNhbGVuZGFyJTJGa2FydGluY2x1YmxhaHRpJTJGMzkxJTIyJTNFJTNDJTJGaWZyYW1lJTNFJTBBJTBBJTBB[\/vc_raw_html][vc_row_inner][\/vc_row_inner][\/vc_column][\/vc_row][vc_row bg_type=&#8221;bg_color&#8221; bg_override=&#8221;full&#8221; css=&#8221;.vc_custom_1649766118489{padding-top: 90px !important;padding-bottom: 60px !important;}&#8221; bg_color_value=&#8221;#ff0000&#8243;][vc_column css=&#8221;.vc_custom_1649770345149{margin-bottom: 30px !important;}&#8221;][vc_custom_heading text=&#8221;MITEN P\u00c4\u00c4SEN AJAMAAN ?&#8221; font_container=&#8221;tag:h3|text_align:center|color:%23ffffff&#8221; use_theme_fonts=&#8221;yes&#8221; el_class=&#8221;align-center&#8221;][vc_custom_heading text=&#8221;Meille ajamaan tuleminen on \u00e4\u00e4rimm\u00e4isen helppoa. Seuraamalla alla olevia askeleita onnistut.&#8221; font_container=&#8221;tag:h4|text_align:center|color:%23ffffff&#8221; use_theme_fonts=&#8221;yes&#8221; el_class=&#8221;align-center&#8221;][vc_empty_space][vc_row_inner equal_height=&#8221;yes&#8221; content_placement=&#8221;top&#8221; gap=&#8221;30&#8243;][vc_column_inner width=&#8221;1\/3&#8243; css=&#8221;.vc_custom_1650258211359{padding-top: 30px !important;padding-right: 30px !important;padding-bottom: 30px !important;padding-left: 30px !important;background-color: #ffffff !important;}&#8221;][vc_custom_heading text=&#8221;1.&#8221; font_container=&#8221;tag:h1|text_align:center|color:%23ff0000&#8243; use_theme_fonts=&#8221;yes&#8221; el_class=&#8221;align-center&#8221;][vc_custom_heading text=&#8221;AJONVARAUS&#8221; font_container=&#8221;tag:h4|text_align:center|color:%23000000&#8243; use_theme_fonts=&#8221;yes&#8221; el_class=&#8221;align-center&#8221;][vc_custom_heading text=&#8221;Voit varata suoraan netist\u00e4 meille yksitt\u00e4isajoja ja enimmill\u00e4\u00e4n 12 kuskin ajotilaisuuksia kuten karting kilpailuita. Alta l\u00f6yd\u00e4t linkit hinnastoomme ja ajonvaraukseen.&#8221; font_container=&#8221;tag:h5|text_align:center|color:%23000000&#8243; use_theme_fonts=&#8221;yes&#8221; el_class=&#8221;align-center&#8221; css=&#8221;.vc_custom_1708725053135{padding-top: 30px !important;padding-right: 30px !important;padding-bottom: 30px !important;padding-left: 30px !important;}&#8221;][vc_custom_heading text=&#8221;Ajamaan p\u00e4\u00e4see monesti my\u00f6s ilman ajanvarausta, mutta suosittelemme olemaan radalle yhteydess\u00e4 soittamalla tai laittamalla WhatsApp-viesti\u00e4 0447-765 000 ennen saapumista vaikka varauskalenteri n\u00e4ytt\u00e4isi radalla olevan tilaa.&#8221; font_container=&#8221;tag:h5|text_align:center|color:%23000000&#8243; use_theme_fonts=&#8221;yes&#8221; el_class=&#8221;align-center&#8221;][vc_btn title=&#8221;HINNASTO&#8221; style=&#8221;flat&#8221; color=&#8221;danger&#8221; align=&#8221;center&#8221; i_icon_fontawesome=&#8221;fas fa-th-list&#8221; css_animation=&#8221;fadeIn&#8221; button_block=&#8221;true&#8221; add_icon=&#8221;true&#8221; link=&#8221;url:https%3A%2F%2Fkic.fi%2Flahti%2Fhinnasto%2F|title:Hinnasto&#8221; css=&#8221;.vc_custom_1708704663093{padding-top: 30px !important;}&#8221;][vc_btn title=&#8221;AJONVARAUS&#8221; style=&#8221;flat&#8221; color=&#8221;danger&#8221; align=&#8221;center&#8221; i_icon_fontawesome=&#8221;fas fa-calendar-alt&#8221; css_animation=&#8221;fadeIn&#8221; button_block=&#8221;true&#8221; add_icon=&#8221;true&#8221; link=&#8221;url:https%3A%2F%2Fbookings.racefacer.com%2Fkartinclublahti|title:Ajonvaraus%20%26%20Varauskalenteri&#8221; css=&#8221;.vc_custom_1732087860962{padding-top: 30px !important;}&#8221;][\/vc_column_inner][vc_column_inner width=&#8221;1\/3&#8243; css=&#8221;.vc_custom_1650258201855{padding-top: 30px !important;padding-right: 30px !important;padding-bottom: 30px !important;padding-left: 30px !important;background-color: #ffffff !important;}&#8221;][vc_custom_heading text=&#8221;2.&#8221; font_container=&#8221;tag:h1|text_align:center|color:%23ff0000&#8243; use_theme_fonts=&#8221;yes&#8221; el_class=&#8221;align-center&#8221;][vc_custom_heading text=&#8221;SEURAA OHJEITA&#8221; font_container=&#8221;tag:h4|text_align:center|color:%23000000&#8243; use_theme_fonts=&#8221;yes&#8221; el_class=&#8221;align-center&#8221;][vc_custom_heading text=&#8221;Kun olet tehnyt ajonvarauksen radalle saat siit\u00e4 s\u00e4hk\u00f6postin, jossa ohjeet miten toimia ennen ajamaan tulemista.&#8221; font_container=&#8221;tag:h5|text_align:center|color:%23000000&#8243; use_theme_fonts=&#8221;yes&#8221; el_class=&#8221;align-center&#8221;][vc_custom_heading text=&#8221;Mik\u00e4li tulet ajamaan ilman ajonvarausta tee itsellesi kuljettajaprofiili painamalla alla olevaa kuvaa. T\u00e4m\u00e4 tehd\u00e4\u00e4n vain kerran, kaikki tulevat ajosi tallentuvat t\u00e4h\u00e4n profiiliin ja p\u00e4\u00e4set halutessasi itse seuraamaan kehittymist\u00e4si kuskina Racefacer- sovelluksesta.&#8221; font_container=&#8221;tag:h5|text_align:center|color:%23000000&#8243; use_theme_fonts=&#8221;yes&#8221; el_class=&#8221;align-center&#8221;][vc_single_image image=&#8221;250&#8243; img_size=&#8221;medium&#8221; alignment=&#8221;center&#8221; onclick=&#8221;custom_link&#8221; img_link_target=&#8221;_blank&#8221; css_animation=&#8221;fadeIn&#8221; link=&#8221;https:\/\/web.racefacer.com\/kiosk\/kartinclublahti&#8221;][\/vc_column_inner][vc_column_inner width=&#8221;1\/3&#8243; css=&#8221;.vc_custom_1650084894123{padding-top: 30px !important;padding-right: 30px !important;padding-bottom: 30px !important;padding-left: 30px !important;background-color: #ffffff !important;}&#8221;][vc_custom_heading text=&#8221;3.&#8221; font_container=&#8221;tag:h1|text_align:center|color:%23ff0000&#8243; use_theme_fonts=&#8221;yes&#8221; el_class=&#8221;align-center&#8221;][vc_custom_heading text=&#8221;SAAVU RADALLE&#8221; font_container=&#8221;tag:h4|text_align:center|color:%23000000&#8243; use_theme_fonts=&#8221;yes&#8221; el_class=&#8221;align-center&#8221;][vc_custom_heading text=&#8221;Ajonvarauksen tehneen\u00e4 ilmoittaudu vain radan vastaanottotiskill\u00e4 ja p\u00e4\u00e4set radalle!&#8221; font_container=&#8221;tag:h5|text_align:center|color:%23000000&#8243; use_theme_fonts=&#8221;yes&#8221; el_class=&#8221;align-center&#8221;][vc_custom_heading text=&#8221;Mik\u00e4li tulet yksitt\u00e4isajoihin ilman ajanvarausta, tule vastaanottotiskille, osta haluamasi ajo, ja p\u00e4\u00e4set radalle! Laitamme kuskit seuraaviin yksitt\u00e4isajol\u00e4ht\u00f6ihin saapumisj\u00e4rjestyksess\u00e4.&#8221; font_container=&#8221;tag:h5|text_align:center|color:%23000000&#8243; use_theme_fonts=&#8221;yes&#8221; el_class=&#8221;align-center&#8221;][vc_custom_heading text=&#8221;Radalla n\u00e4hd\u00e4\u00e4n !!&#8221; font_container=&#8221;tag:h5|text_align:center|color:%23000000&#8243; use_theme_fonts=&#8221;yes&#8221; el_class=&#8221;align-center&#8221;][vc_btn title=&#8221;OHJEITA KUSKEILLE&#8221; style=&#8221;flat&#8221; color=&#8221;danger&#8221; align=&#8221;center&#8221; i_icon_fontawesome=&#8221;fas fa-th-list&#8221; css_animation=&#8221;fadeIn&#8221; button_block=&#8221;true&#8221; add_icon=&#8221;true&#8221; link=&#8221;url:https%3A%2F%2Fkic.fi%2Flahti%2Ftietoa%2F%23ohjeita|title:ohjeita&#8221; css=&#8221;.vc_custom_1708704686935{padding-top: 30px !important;}&#8221;][vc_single_image image=&#8221;2170&#8243; img_size=&#8221;medium&#8221; alignment=&#8221;center&#8221;][\/vc_column_inner][\/vc_row_inner][\/vc_column][\/vc_row][vc_row bg_type=&#8221;bg_color&#8221; bg_override=&#8221;full&#8221; css=&#8221;.vc_custom_1649770432666{margin-bottom: 30px !important;padding-top: 90px !important;padding-bottom: 60px !important;}&#8221; bg_color_value=&#8221;#ffffff&#8221;][vc_column][vc_custom_heading text=&#8221;TAPAHTUMIA RADALLA&#8221; font_container=&#8221;tag:h3|text_align:center|color:%23ff0000&#8243; use_theme_fonts=&#8221;yes&#8221; el_class=&#8221;align-center&#8221;][vc_custom_heading text=&#8221;Seuraamalla meit\u00e4 somessa olet ensimm\u00e4isten joukossa kuulemassa tulevista tarjouksista, tapahtumista ja muista ratamme tempauksista !&#8221; font_container=&#8221;tag:h4|text_align:center|color:%23000000&#8243; use_theme_fonts=&#8221;yes&#8221; el_class=&#8221;align-center&#8221;]<div id=\"naapo-social-networks-shortcode-1\" class=\"widget alma_socials_widget\"><div class=\"social-icons-fa align-center\"><ul><li><a href=\"https:\/\/www.facebook.com\/kartinclublahti\" target=\"_blank\" class=\"social-network facebook\" title=\"Facebook\"><i class=\"fab fa-facebook\"><\/i><\/a><\/li><li><a href=\"https:\/\/www.instagram.com\/kartinclublahti\/\" target=\"_blank\" class=\"social-network instagram\" title=\"Instagram\"><i class=\"fab fa-instagram\"><\/i><\/a><\/li><li><a href=\"https:\/\/wa.me\/+358447765000\" target=\"_blank\" class=\"social-network whatsapp\" title=\"whatsapp\"><i class=\"fab fa-whatsapp\"><\/i><\/a><\/li><\/ul><\/div><\/div>[vc_empty_space height=&#8221;16px&#8221;][vc_raw_html css=&#8221;.vc_custom_1663184197549{padding-top: 30px !important;}&#8221;]JTVCY3VzdG9tLWZhY2Vib29rLWZlZWQlMjBmZWVkJTNEMiU1RA==[\/vc_raw_html][\/vc_column][\/vc_row][vc_row bg_type=&#8221;bg_color&#8221; bg_override=&#8221;full&#8221; css=&#8221;.vc_custom_1649677177326{padding-top: 90px !important;padding-bottom: 60px !important;}&#8221; bg_color_value=&#8221;#ff0000&#8243;][vc_column][vc_custom_heading text=&#8221;VIIMEISIMM\u00c4T KUULUMISET RADALTA&#8221; font_container=&#8221;tag:h3|text_align:center|color:%23000000&#8243; use_theme_fonts=&#8221;yes&#8221; el_class=&#8221;align-center&#8221;][vc_custom_heading text=&#8221;Seuraamalla meit\u00e4 somessa olet ensimm\u00e4isten joukossa kuulemassa tulevista tarjouksista, tapahtumista ja muista ratamme tempauksista !&#8221; font_container=&#8221;tag:h4|text_align:center|color:%23ffffff&#8221; use_theme_fonts=&#8221;yes&#8221; el_class=&#8221;align-center&#8221;]<div id=\"naapo-social-networks-shortcode-2\" class=\"widget alma_socials_widget\"><div class=\"social-icons-fa align-center\"><ul><li><a href=\"https:\/\/www.facebook.com\/kartinclublahti\" target=\"_blank\" class=\"social-network facebook\" title=\"Facebook\"><i class=\"fab fa-facebook\"><\/i><\/a><\/li><li><a href=\"https:\/\/www.instagram.com\/kartinclublahti\/\" target=\"_blank\" class=\"social-network instagram\" title=\"Instagram\"><i class=\"fab fa-instagram\"><\/i><\/a><\/li><li><a href=\"https:\/\/wa.me\/+358447765000\" target=\"_blank\" class=\"social-network whatsapp\" title=\"whatsapp\"><i class=\"fab fa-whatsapp\"><\/i><\/a><\/li><\/ul><\/div><\/div>[vc_empty_space][vc_raw_html css=&#8221;.vc_custom_1663184223741{padding-top: 30px !important;}&#8221;]JTVCY3VzdG9tLWZhY2Vib29rLWZlZWQlMjBmZWVkJTNEMSU1RA==[\/vc_raw_html][\/vc_column][\/vc_row][vc_row full_width=&#8221;stretch_row&#8221; css_animation=&#8221;fadeInUp&#8221; bg_type=&#8221;image&#8221; parallax_style=&#8221;vcpb-default&#8221; bg_image_new=&#8221;id^1547|url^https:\/\/kic.fi\/lahti\/wp-content\/uploads\/2022\/09\/IMG_9955-scaled.jpg|caption^null|alt^null|title^IMG_9955|description^null&#8221; bg_image_repeat=&#8221;no-repeat&#8221; bg_override=&#8221;ex-full&#8221; enable_overlay=&#8221;enable_overlay_value&#8221; overlay_color=&#8221;rgba(0,0,0,0.35)&#8221;][vc_column css_animation=&#8221;fadeInUp&#8221;][vc_row_inner][vc_column_inner width=&#8221;1\/2&#8243; css=&#8221;.vc_custom_1649739463957{margin-top: 30px !important;margin-bottom: 30px !important;background-color: #ffffff !important;}&#8221;][\/vc_column_inner][vc_column_inner width=&#8221;1\/2&#8243; css=&#8221;.vc_custom_1649778913479{margin-top: 90px !important;margin-bottom: 90px !important;padding-top: 60px !important;padding-right: 30px !important;padding-bottom: 60px !important;padding-left: 30px !important;background-color: #ffffff !important;}&#8221;]<div class=\"ult-spacer spacer-69f529e27e550\" data-id=\"69f529e27e550\" data-height=\"\" data-height-mobile=\"100\" data-height-tab=\"100\" data-height-tab-portrait=\"100\" data-height-mobile-landscape=\"100\" style=\"clear:both;display:block;\"><\/div>[vc_single_image image=&#8221;250&#8243; img_size=&#8221;medium&#8221; alignment=&#8221;center&#8221;][vc_custom_heading text=&#8221;Lataa Racefacer -sovellus&#8221; font_container=&#8221;tag:h3|text_align:center|color:%23000000&#8243; use_theme_fonts=&#8221;yes&#8221; el_class=&#8221;align-center&#8221; css=&#8221;.vc_custom_1649777367475{padding-top: 30px !important;}&#8221;][vc_custom_heading text=&#8221;Lataamalla Racefacer -sovelluksen puhelimeesi:&#8221; font_container=&#8221;tag:h5|text_align:center|color:%23ff0000&#8243; use_theme_fonts=&#8221;yes&#8221;]<div class=\"smile_icon_list_wrap ult_info_list_container ult-adjust-bottom-margin   vc_custom_1649781949225\"><ul class=\"smile_icon_list left square with_bg\"><li class=\"icon_list_item\" style=\" font-size:48px;\"><div class=\"icon_list_icon\" data-animation=\"\" data-animation-delay=\"03\" style=\"font-size:16px;border-width:1px;border-style:none;background:#ffffff;color:#333333;border-color:#333333;\"><i class=\"Defaults-chevron-right\" ><\/i><\/div><div class=\"icon_description\" id=\"Info-list-wrap-4111\" style=\"font-size:16px;\"><div class=\"icon_description_text ult-responsive\"  data-ultimate-target='#Info-list-wrap-4111 .icon_description_text'  data-responsive-json-new='{\"font-size\":\"desktop:13px;\",\"line-height\":\"desktop:18px;\"}'  style=\"\"><p>voit jakaa valokuvia, videoita ja tuloksia<br \/>\nkavereiden kanssa<\/p>\n<\/div><\/div><div class=\"icon_list_connector\"  style=\"border-right-width: 1px;border-right-style: dashed;border-color: #333333;\"><\/div><\/li><li class=\"icon_list_item\" style=\" font-size:48px;\"><div class=\"icon_list_icon\" data-animation=\"\" data-animation-delay=\"03\" style=\"font-size:16px;border-width:1px;border-style:none;background:#ffffff;color:#333333;border-color:#333333;\"><i class=\"Defaults-chevron-right\" ><\/i><\/div><div class=\"icon_description\" id=\"Info-list-wrap-6332\" style=\"font-size:16px;\"><div class=\"icon_description_text ult-responsive\"  data-ultimate-target='#Info-list-wrap-6332 .icon_description_text'  data-responsive-json-new='{\"font-size\":\"desktop:13px;\",\"line-height\":\"desktop:18px;\"}'  style=\"\"><p>voit haastaa kaverisi erilaisiin kilpailuihin<\/p>\n<\/div><\/div><div class=\"icon_list_connector\"  style=\"border-right-width: 1px;border-right-style: dashed;border-color: #333333;\"><\/div><\/li><li class=\"icon_list_item\" style=\" font-size:48px;\"><div class=\"icon_list_icon\" data-animation=\"\" data-animation-delay=\"03\" style=\"font-size:16px;border-width:1px;border-style:none;background:#ffffff;color:#333333;border-color:#333333;\"><i class=\"Defaults-chevron-right\" ><\/i><\/div><div class=\"icon_description\" id=\"Info-list-wrap-9950\" style=\"font-size:16px;\"><div class=\"icon_description_text ult-responsive\"  data-ultimate-target='#Info-list-wrap-9950 .icon_description_text'  data-responsive-json-new='{\"font-size\":\"desktop:13px;\",\"line-height\":\"desktop:18px;\"}'  style=\"\"><p>voit seurata ratojen nopeimpien kierroaikojen listaa ja omaa sijoitustasi siin\u00e4<\/p>\n<\/div><\/div><div class=\"icon_list_connector\"  style=\"border-right-width: 1px;border-right-style: dashed;border-color: #333333;\"><\/div><\/li><li class=\"icon_list_item\" style=\" font-size:48px;\"><div class=\"icon_list_icon\" data-animation=\"\" data-animation-delay=\"03\" style=\"font-size:16px;border-width:1px;border-style:none;background:#ffffff;color:#333333;border-color:#333333;\"><i class=\"Defaults-chevron-right\" ><\/i><\/div><div class=\"icon_description\" id=\"Info-list-wrap-3760\" style=\"font-size:16px;\"><div class=\"icon_description_text ult-responsive\"  data-ultimate-target='#Info-list-wrap-3760 .icon_description_text'  data-responsive-json-new='{\"font-size\":\"desktop:13px;\",\"line-height\":\"desktop:18px;\"}'  style=\"\"><p>voit verrata uusia suorituksia ja tuloksia aikaisempiin ja kehitty\u00e4 kuskina<\/p>\n<\/div><\/div><div class=\"icon_list_connector\"  style=\"border-right-width: 1px;border-right-style: dashed;border-color: #333333;\"><\/div><\/li><li class=\"icon_list_item\" style=\" font-size:48px;\"><div class=\"icon_list_icon\" data-animation=\"\" data-animation-delay=\"03\" style=\"font-size:16px;border-width:1px;border-style:none;background:#ffffff;color:#333333;border-color:#333333;\"><i class=\"Defaults-chevron-right\" ><\/i><\/div><div class=\"icon_description\" id=\"Info-list-wrap-2066\" style=\"font-size:16px;\"><div class=\"icon_description_text ult-responsive\"  data-ultimate-target='#Info-list-wrap-2066 .icon_description_text'  data-responsive-json-new='{\"font-size\":\"desktop:13px;\",\"line-height\":\"desktop:18px;\"}'  style=\"\"><p>n\u00e4et omat ja kavereidesi ajetut kierrosajat,<br \/>\nkilpailutulokset ja ajohistorian<\/p>\n<\/div><\/div><div class=\"icon_list_connector\"  style=\"border-right-width: 1px;border-right-style: dashed;border-color: #333333;\"><\/div><\/li><\/ul><\/div>[vc_single_image image=&#8221;285&#8243; img_size=&#8221;204&#215;60&#8243; alignment=&#8221;center&#8221; onclick=&#8221;custom_link&#8221; css=&#8221;.vc_custom_1653332256139{margin-top: 30px !important;margin-bottom: 15px !important;}&#8221; link=&#8221;https:\/\/itunes.apple.com\/app\/faceracer\/id1021242902&#8243;][vc_single_image image=&#8221;286&#8243; img_size=&#8221;204&#215;60&#8243; alignment=&#8221;center&#8221; onclick=&#8221;custom_link&#8221; link=&#8221;https:\/\/play.google.com\/store\/apps\/details?id=com.faceracer&#8221;][\/vc_column_inner][\/vc_row_inner][\/vc_column][\/vc_row][vc_row full_width=&#8221;stretch_row_content_no_spaces&#8221; css_animation=&#8221;fadeIn&#8221;][vc_column css=&#8221;.vc_custom_1650259466405{margin-top: 0px !important;margin-right: 0px !important;margin-bottom: 0px !important;margin-left: 0px !important;padding-top: 0px !important;padding-right: 0px !important;padding-bottom: 0px !important;padding-left: 0px !important;}&#8221;][vc_raw_html css=&#8221;.vc_custom_1682323070610{margin-right: -25px !important;margin-bottom: -10px !important;margin-left: -25px !important;}&#8221;]JTNDaWZyYW1lJTIwc3JjJTNEJTIyaHR0cHMlM0ElMkYlMkZtYXBzLmdvb2dsZS5jb20lMkZtYXBzJTNGcSUzREFzZW50YWphbmthdHUlMjUyMDUlMjUyMGxhaHRpJTI2dCUzRCUyNnolM0QxMyUyNmllJTNEVVRGOCUyNml3bG9jJTNEJTI2b3V0cHV0JTNEZW1iZWQlMjIlMjB3aWR0aCUzRCUyMjEwMCUyNSUyMiUyMGhlaWdodCUzRCUyMjQwMCUyMiUyMGZyYW1lYm9yZGVyJTNEJTIyMCUyMiUyMHNjcm9sbGluZyUzRCUyMm5vJTIyJTIwbWFyZ2luaGVpZ2h0JTNEJTIyMCUyMiUyMG1hcmdpbndpZHRoJTNEJTIyMCUyMiUyMHN0eWxlJTNEJTIyYm9yZGVyJTNBMCUzQiUyMG1hcmdpbiUzQTAlM0IlMjBwYWRkaW5nJTNBMCUzQiUyMiUyMGFsbG93ZnVsbHNjcmVlbiUzRCUyMiUyMiUyMGxvYWRpbmclM0QlMjJsYXp5JTIyJTIwcmVmZXJyZXJwb2xpY3klM0QlMjJuby1yZWZlcnJlci13aGVuLWRvd25ncmFkZSUyMiUzRSUzQyUyRmlmcmFtZSUzRQ==[\/vc_raw_html][\/vc_column][\/vc_row]<\/p>\n","protected":false},"excerpt":{"rendered":"<p>[vc_row full_width=&#8221;stretch_row_content_no_spaces&#8221; bg_type=&#8221;bg_color&#8221; bg_override=&#8221;full&#8221; css=&#8221;.vc_custom_1707315699765{margin-top: -25px !important;background-image: url(https:\/\/kic.fi\/lahti\/wp-content\/uploads\/2024\/02\/SLA_0445-scaled.jpg?id=2174) !important;background-position: center !important;background-repeat: no-repeat !important;background-size: cover !important;}&#8221; bg_color_value=&#8221;rgba(255,0,0,0.3)&#8221;][vc_column][vc_row_inner][\/vc_row_inner][vc_custom_heading text=&#8221;VARAUSKALENTERI&#8221; font_container=&#8221;tag:h1|text_align:center|color:%23ffffff&#8221; use_theme_fonts=&#8221;yes&#8221;][\/vc_column][\/vc_row][vc_row css=&#8221;.vc_custom_1723456003646{margin-top: 20px !important;margin-right: -40px !important;margin-left: -40px !important;padding-top: 0px !important;padding-bottom: 90px !important;}&#8221;][vc_column][vc_custom_heading text=&#8221;Varauskalenteri&#8221; font_container=&#8221;tag:h3|text_align:center|color:%23ff0000&#8243; use_theme_fonts=&#8221;yes&#8221; css=&#8221;.vc_custom_1712901382279{padding-right: 80px !important;}&#8221;][vc_custom_heading text=&#8221;Varauskalenteri on automaattisesti j\u00e4rjestelm\u00e4n luoma, se on suuntaa antava. Tee varaus radalle ajonvarauksen kautta tai soitathan radalle viimeisimm\u00e4n tiedon [&hellip;]<\/p>\n","protected":false},"author":1,"featured_media":0,"parent":0,"menu_order":1,"comment_status":"closed","ping_status":"closed","template":"one-page-template.php","meta":{"inline_featured_image":false,"footnotes":""},"class_list":["post-2271","page","type-page","status-publish","hentry"],"_links":{"self":[{"href":"https:\/\/kic.fi\/lahti\/wp-json\/wp\/v2\/pages\/2271","targetHints":{"allow":["GET"]}}],"collection":[{"href":"https:\/\/kic.fi\/lahti\/wp-json\/wp\/v2\/pages"}],"about":[{"href":"https:\/\/kic.fi\/lahti\/wp-json\/wp\/v2\/types\/page"}],"author":[{"embeddable":true,"href":"https:\/\/kic.fi\/lahti\/wp-json\/wp\/v2\/users\/1"}],"replies":[{"embeddable":true,"href":"https:\/\/kic.fi\/lahti\/wp-json\/wp\/v2\/comments?post=2271"}],"version-history":[{"count":2,"href":"https:\/\/kic.fi\/lahti\/wp-json\/wp\/v2\/pages\/2271\/revisions"}],"predecessor-version":[{"id":2335,"href":"https:\/\/kic.fi\/lahti\/wp-json\/wp\/v2\/pages\/2271\/revisions\/2335"}],"wp:attachment":[{"href":"https:\/\/kic.fi\/lahti\/wp-json\/wp\/v2\/media?parent=2271"}],"curies":[{"name":"wp","href":"https:\/\/api.w.org\/{rel}","templated":true}]}}